Let u(h) = 33*h**3 + 4*h**2 - 3*h - 2. What is u(1)?
32
Let l(r) = 3*r**2 - 9*r - 4. Calculate l(3).
-4
Let i(o) = o**3 + 5*o**2 + 285*o + 1751. Give i(-6).
5
Let m(d) = -477*d - 824. Calculate m(-3).
607
Let t(l) = l**2 - 95*l - 293. Calculate t(98).
1
Let t(s) = 161*s - 6892. What is t(43)?
31
Let p(y) = 5*y**2 - 108*y - 18. Determine p(19).
-265
Let n(b) = -25*b + 223. What is n(4)?
123
Let z(x) = 127*x**2 - 9147*x + 241. Calculate z(72).
25
Let q(l) = -l**3 + 184*l**2 - 637*l + 83088. Give q(183).
6
Let w(n) = n**3 + 14*n**2 + 43*n + 117. Determine w(-11).
7
Let f(t) = -5*t**2 - 94*t + 713. Calculate f(8).
-359
Let a(o) = -2*o**3 - 15*o**2 + 11*o + 180. Determine a(-5).
0
Let y(l) = 27*l + 91. Give y(-6).
-71
Let h(i) = -i**3 - 18*i**2 - 4*i - 93. Determine h(-17).
-314
Let x(t) = t**2 - 44*t - 296. Calculate x(-6).
4
Let t(m) = m**2 - 64*m - 370. Determine t(70).
50
Let n(q) = -7*q**3 + 3*q**2 + 7*q + 2. Calculate n(-3).
197
Let c(j) = -82*j + 660. Determine c(8).
4
Let l(s) = s**3 - 62*s**2 + 423*s + 522. Give l(54).
36
Let x(t) = -2*t**2 + 510*t + 28386. Calculate x(302).
-2
Let c(r) = 5*r - 114. Determine c(8).
-74
Let v(a) = 29*a + 263. Calculate v(-8).
31
Let f(w) = w**3 - 17*w**2 + 35*w - 11. Calculate f(14).
-109
Let f(t) = -178*t + 854. Calculate f(5).
-36
Let w(a) = -2*a**3 + 34*a**2 + 75*a + 29. Give w(19).
10
Let x(t) = -t**3 + 7*t**2 - 1355*t + 13844. Calculate x(10).
-6
Let p(h) = 3*h**3 - 53*h**2 - 20*h + 50. What is p(18)?
14
Let m(v) = -21*v**2 - 2*v + 4. Give m(1).
-19
Let q(a) = a**3 + 3*a**2 - 17*a + 55. Give q(3).
58
Let q(s) = -s**3 - 14*s**2 - 241*s - 2604. What is q(-12)?
0
Let c(w) = -8416*w - 16839. What is c(-2)?
-7
Let o(f) = f**3 - 23*f**2 - 377*f + 42. What is o(34)?
-60
Let h(k) = -k**2 - 111*k - 1196. Determine h(-99).
-8
Let i(w) = -w**2 + 2*w. Determine i(-5).
-35
Let s(z) = -2*z**2 + 9*z + 151. Determine s(11).
8
Let t(u) = 2*u**2 - 211*u - 8462. What is t(-31)?
1
Let o(w) = -w**3 + 76*w**2 - 62*w - 970. Calculate o(75).
5
Let n(u) = 8*u + 328. What is n(-45)?
-32
Let b(s) = 2*s**3 - s**2 - 26*s - 31. What is b(-5)?
-176
Let q(d) = 81*d + 27. Give q(1).
108
Let w(j) = -5*j**2 + 137*j + 1127. Calculate w(34).
5
Let o(p) = -p**2 - 199*p - 963. Calculate o(-5).
7
Let n(z) = 680*z - 4073. Give n(6).
7
Let n(j) = -28*j - 375. Calculate n(-11).
-67
Let x(i) = 4*i**2 - 181*i + 2050. What is x(18)?
88
Let f(w) = -6*w**3 + 259*w**2 - 48*w + 225. Calculate f(43).
10
Let v(g) = -34*g - 426. Calculate v(-14).
50
Let b(d) = -87*d + 88. What is b(-1)?
175
Let n(j) = j**2 + 34*j + 256. Give n(-11).
3
Let a(h) = 84*h**3 - 4*h**2 - 8*h + 11. What is a(1)?
83
Let p(w) = -242*w + 6295. Determine p(26).
3
Let i(b) = b**2 - 54*b - 102. Calculate i(-2).
10
Let r(t) = 1104*t + 4427. Give r(-4).
11
Let d(t) = -t**3 + 3*t**2 - 44*t + 167. Calculate d(5).
-103
Let d(p) = 28*p**2 + 50*p + 13. What is d(-6)?
721
Let j(t) = -t**3 - 154*t**2 - 2677*t + 269. What is j(-134)?
-133
Let y(a) = -4*a**3 - a**2 + 57*a - 104. Calculate y(2).
-26
Let l(x) = -x**3 - 59*x**2 - 569*x - 64. Determine l(-12).
-4
Let m(v) = -4*v**2 - 53*v + 36. Calculate m(-13).
49
Let v(h) = -h**2 + 35*h + 1424. Determine v(-24).
8
Let d(h) = -14*h + 98. Determine d(-9).
224
Let i(n) = -17*n - 346. Calculate i(-17).
-57
Let f(i) = 4*i**3 + 5*i**2 + 3*i - 12. What is f(-4)?
-200
Let f(z) = z**2 - 219*z + 4106. Determine f(21).
-52
Let c(p) = -51*p**2 - 5150*p + 56. Determine c(-101).
-45
Let j(g) = 27*g**3 - 110*g**2 + 24*g - 73. Calculate j(4).
-9
Let a(q) = -q**2 - 328*q + 2342. Calculate a(7).
-3
Let h(z) = -z**3 + 62*z**2 + 67*z - 198. Calculate h(63).
54
Let z(v) = 2476*v**2 - 54472*v - 2. Calculate z(22).
-2
Let o(f) = -39*f + 333. What is o(5)?
138
Let g(p) = -297*p + 6332. Give g(21).
95
Let w(y) = 2*y**3 + 16*y**2 - 2*y - 35. Determine w(-8).
-19
Let u(x) = -x**2 - 37*x + 8950. Calculate u(78).
-20
Let d(t) = t**2 - 115*t + 2677. Determine d(83).
21
Let l(y) = y**3 + 19*y**2 - 10*y - 967. What is l(-16)?
-39
Let l(p) = -5*p**2 + 197*p + 1107. Calculate l(-5).
-3
Let y(u) = -2*u**3 + 35*u**2 + 39*u - 283. Calculate y(19).
-625
Let x(i) = i**3 - 13*i**2 - 385*i + 190. Determine x(27).
1
Let h(d) = -d**3 - 40*d**2 - 342*d - 80. Calculate h(-12).
-8
Let u(m) = m**3 + 274*m**2 + 813*m - 2. Give u(-3).
-2
Let y(f) = 75*f**2 + 117*f - 4. Give y(-1).
-46
Let s(a) = -13*a**2 - 14*a + 169. What is s(7)?
-566
Let l(d) = -13*d + 78. What is l(20)?
-182
Let s(f) = f**3 - 22*f**2 - 26*f + 53. What is s(23)?
-16
Let t(n) = -106*n**3 - 2*n**2 - 130*n + 131. Give t(1).
-107
Let k(d) = d**3 - 46*d**2 + 50*d - 146. Calculate k(45).
79
Let u(v) = v + 230. Calculate u(-8).
222
Let o(v) = -3*v**3 + 17*v**2 - 11*v + 100. Determine o(6).
-2
Let v(y) = 69*y + 8695. What is v(-126)?
1
Let z(c) = 79*c - 12264. Give z(155).
-19
Let q(m) = 74*m + 3326. Calculate q(-45).
-4
Let l(n) = n**3 - 11*n**2 - 9*n + 132. Give l(7).
-127
Let v(z) = -z**2 + 24*z + 1141. Determine v(48).
-11
Let b(d) = 7*d**2 + 121*d + 499. What is b(-7)?
-5
Let l(i) = i**3 - 25*i**2 + 73*i - 647. Determine l(23).
-26
Let t(f) = f**3 + 6*f**2 - 12*f + 31. What is t(-8)?
-1
Let m(o) = 100*o**2 + 7896*o - 323. Determine m(-79).
-7
Let q(p) = 1389*p - 5708. Determine q(4).
-152
Let i(d) = 264*d - 3683. Calculate i(14).
13
Let v(t) = t**3 + 21*t**2 - 336*t - 7127. Calculate v(-20).
-7
Let j(x) = -6*x**3 + 5*x**2 + 9*x - 5. What is j(-2)?
45
Let z(r) = -r**3 + r**2 + 8*r + 11. Give z(4).
-5
Let u(l) = -l**2 - 15*l + 458. Determine u(16).
-38
Let f(b) = -531*b + 13. Give f(0).
13
Let f(u) = u**2 + 4*u - 193. Calculate f(12).
-1
Let m(u) = -u**3 - 2*u**2 + 104*u + 39. Calculate m(-11).
-16
Let d(l) = 60*l + 505. Give d(-8).
25
Let q(x) = 24*x + 1400. Determine q(-60).
-40
Let d(p) = 5*p**3 + 79*p**2 - 15*p + 12. Calculate d(-16).
-4
Let b(q) = -8*q - 432. Determine b(-57).
24
Let y(x) = -137*x + 2012. Determine y(14).
94
Let t(y) = -25*y**2 + 118*y - 257. What is t(2)?
-121
Let v(o) = -117*o - 1039. Calculate v(-10).
131
Let g(d) = d**3 + 8*d**2 - 59*d - 1. Determine g(7).
321
Let m(c) = -16*c + 297. Determine m(22).
-55
Let r(v) = -5529*v + 27684. Calculate r(5).
39
Let c(o) = o**2 + 102*o + 393. Give c(-4).
1
Let p(f) = -1578*f + 9257. What is p(6)?
-211
Let s(t) = 2*t**3 + 37*t**2 + 196*t + 31. What is s(-10)?
-229
Let g(j) = 95*j - 1075. Give g(6).
-505
Let y(x) = x**3 - 16*x**2 - 94*x + 1103. What is y(7)?
4
Let v(a) = -53*a - 34. Give v(-2).
72
Let d(s) = s**3 - 21*s**2 - 307*s - 178. What is d(31)?
-85
Let u(l) = -l**2 + 38*l + 298. Give u(-11).
-241
Let p(c) = 11205*c + 33622. Determine p(-3).
7
Let t(k) = -2*k + 22. What is t(-12)?
46
Let m(d) = -d + 500. What is m(26)?
474
Let p(j) = -875*j - 3515. Determine p(-4).
-15
Let n(k) = 44*k**2 - 3609*k + 74. Determine n(82).
-8
Let p(m) = 13*m**3 - 15*m**2 - 137*m - 137. Determine p(-1).
-28
Let r(t) = -175*t - 14031. Calculate r(-80).
-31
Let w(u) = 5749*u + 40250. Calculate w(-7).
7
Let w(v) = -8*v**2 - 23*v + 4. Calculate w(-4).
-32
Let i(x) = x**3 - 8*x**2 + 2*x - 304. Give i(0).
-304
Let n(j) = 3*j**2 - j - 63. What is n(-6)?
51
Let z(p) = 181*p + 1997. Give z(-11).
6
Let r(s) = s**2 - 4*s + 22. Give r(26).
594
Let v(h) = 5*h**3 - 99*h**2 - 23*h + 34. Calculate v(20).
-26
Let j(h) = -36*h + 15. What is j(0)?
15
Let g(w) = w**3 - w**2 - 106*w + 26. Give g(11).
70
Let n(q) = 7*q**2 - 108*q + 148. Give n(14).
8
Let r(h) = -26*h + 384. What is r(10)?
124
Let g(d) = -11*d**3 - 64*d**2 + 11*d + 38. What is g(-6)?
44
Let c(i) = -113*i + 9096. Give c(81).
-57
Let v(o) = 2*o**3 + 37*o**2 + 48*o - 2. Determine v(-17).
49
Let t(x) = -391*x - 4609. Calculate t(-12).
83
Let o(s) = 3*s + 41. Calculate o(13).
80
Let w(f) = -38684*f**2 + 77369*f - 3. Calculate w(2).
-1
Let a(c) = 8*c + 75. Calculate a(14).
187
Let f(g) = 5*g**2 + 234*g + 235. Give f(-46).
51
Let v(z) = z**3 - 2*z**2 - 829*z - 333. What is v(30)?
-3
Let s(t) = 2*t**3 + 10*t**2 + 12*t - 2. Calculate s(-5).
-62
Let f(b) = 24*b**2 - 270*b + 4. Calculate f(11).
-62
Let u(j) = 73*j + 9. Calculate u(-1).
-64
Let y(l) = -90*l - 99. What is y(-2)?
81
Let g(d) = d**2 + 44*d + 404. Give g(-13).
1
Let q(o) = 11*o**2 + 9*o + 7. Determine q(-4).
147
Let n(i) = -292*i**2 + 12*i - 7. Determine n(1).
-287
Let w(l) = 87*l + 